ue
Is 4657 a composite number?
False
Is 90595 a prime number?
False
Is 44771 prime?
True
Is 82939 a prime number?
True
Is 314131 composite?
True
Is 28211 a composite number?
False
Is 219187 a composite number?
False
Is 123763 a prime number?
False
Is 1481 a prime number?
True
Is 3989 a composite number?
False
Is 7355 prime?
False
Is 1001371 a composite number?
True
Is 178 a composite number?
True
Is 60019 a composite number?
True
Is 3989 a prime number?
True
Is 2777 a prime number?
True
Is 10637 a composite number?
True
Is 122119 a composite number?
True
Is 201409 a composite number?
True
Is 1278785 prime?
False
Is 55529 prime?
True
Is 7901 a prime number?
True
Is 3779 a composite number?
False
Is 569269 a prime number?
True
Is 10427 a composite number?
False
Is 7555 a composite number?
True
Is 375159 a composite number?
True
Is 29809 a composite number?
True
Is 1703 prime?
False
Is 7666 a prime number?
False
Is 1031267 a prime number?
True
Is 1092019 composite?
False
Is 307 prime?
True
Is 107999 a composite number?
False
Is 47039 a composite number?
True
Is 36251 prime?
True
Is 307777 a composite number?
True
Is 238781 composite?
False
Is 150527 a composite number?
True
Is 359 prime?
True
Is 57203 prime?
True
Is 459913 a composite number?
False
Is 20981 a prime number?
True
Is 748669 prime?
True
Is 300665 a prime number?
False
Is 337781 a composite number?
False
Is 322165 a composite number?
True
Is 42631 a composite number?
True
Is 10993 prime?
True
Is 45221 a composite number?
True
Is 1441049 a prime number?
True
Is 207833 prime?
True
Is 30713 a composite number?
False
Is 103769 composite?
False
Is 94307 composite?
False
Is 149 prime?
True
Is 3315485 a composite number?
True
Is 400549 a composite number?
True
Is 485 a composite number?
True
Is 46 a composite number?
True
Is 14386 a prime number?
False
Is 4198 a prime number?
False
Is 97607 composite?
False
Is 40343 a prime number?
True
Is 262817 prime?
False
Is 59839 prime?
False
Is 36739 a composite number?
False
Is 12421 composite?
False
Is 35797 a prime number?
True
Is 3438731 composite?
False
Is 39469 a composite number?
True
Is 611603 prime?
True
Is 218593 prime?
False
Is 340123 a composite number?
True
Is 178883 composite?
True
Is 647203 a prime number?
False
Is 738601 a composite number?
True
Is 20071 prime?
True
Is 387293 a prime number?
False
Is 1833969 a composite number?
True
Is 99037 a composite number?
True
Is 134033 prime?
True
Is 59 a prime number?
True
Is 196463 a prime number?
False
Is 18689 a composite number?
True
Is 8915 a prime number?
False
Is 60985 a composite number?
True
Is 242057 a prime number?
True
Is 2009437 composite?
False
Is 984149 a composite number?
False
Is 280481 prime?
False
Is 132199 a prime number?
True
Is 43871 composite?
True
Is 6353 a composite number?
False
Is 18509 composite?
True
Is 190483 a composite number?
True
Is 104033 a composite number?
False
Is 9601 a prime number?
True
Is 10007 composite?
False
Is 277213 prime?
True
Is 100823 composite?
False
Is 57337 prime?
False
Is 880795 a composite number?
True
Is 40873 composite?
True
Is 22669 a prime number?
True
Is 1611877 composite?
False
Is 54523 a composite number?
True
Is 1644337 a prime number?
False
Is 70619 composite?
False
Is 91367 a composite number?
False
Is 46387 a composite number?
True
Is 2802497 composite?
False
Is 208669 a composite number?
True
Is 211147 a composite number?
True
Is 7809487 a composite number?
True
Is 4721 a prime number?
True
Is 14683 a prime number?
True
Is 163973 a prime number?
True
Is 1117 a composite number?
False
Is 638822 prime?
False
Is 30631 composite?
False
Is 51601 prime?
False
Is 53673 prime?
False
Is 108073 composite?
True
Is 128549 a composite number?
False
Is 36601 prime?
False
Is 91909 a prime number?
True
Is 23215 a prime number?
False
Is 99691 prime?
False
Is 60953 prime?
True
Is 109703 composite?
True
Is 430393 prime?
True
Is 4265 a prime number?
False
Is 731 composite?
True
Is 5623 composite?
False
Is 13093 composite?
False
Is 166331 a prime number?
False
Is 5923 a prime number?
True
Is 3314 composite?
True
Is 45055 composite?
True
Is 50311 a prime number?
True
Is 231358 prime?
False
Is 5147 composite?
False
Is 2097861 a prime number?
False
Is 683323 composite?
False
Is 40097 a prime number?
False
Is 9533 a prime number?
True
Is 28562 a composite number?
True
Is 87443 a prime number?
True
Is 284963 composite?
True
Is 786365 a composite number?
True
Is 91571 composite?
False
Is 11861 a prime number?
False
Is 36467 composite?
False
Is 1371 a composite number?
True
Is 928987 a prime number?
False
Is 233141 composite?
False
Is 3247 a composite number?
True
Is 34535 composite?
True
Is 23801 prime?
True
Is 21977 prime?
True
Is 468841 composite?
False
Is 2155 a prime number?
False
Is 19101 a prime number?
False
Is 108631 a prime number?
True
Is 4537 composite?
True
Is 343997 a composite number?
False
Is 703507 prime?
False
Is 7321 a composite number?
False
Is 164473 a prime number?
False
Is 578491 a prime number?
False
Is 36131 prime?
True
Is 47563 prime?
True
Is 29731 a prime number?
False
Is 383329 prime?
False
Is 20279 a composite number?
True
Is 5803 a composite number?
True
Is 581 a prime number?
False
Is 7387 a prime number?
False
Is 10063 composite?
True
Is 1822111 composite?
True
Is 2105863 a prime number?
True
Is 373067 prime?
False
Is 52307 prime?
False
Is 35627 composite?
True
Is 13397 prime?
True
Is 6547 composite?
False
Is 818351 composite?
True
Is 3803 a prime number?
True
Is 1198 composite?
True
Is 1182395 a prime number?
False
Is 29663 a composite number?
False
Is 28761 composite?
True
Is 7031755 a prime number?
False
Is 631569 prime?
False
Is 76199 a prime number?
False
Is 403721 a composite number?
False
Is 22739 composite?
False
Is 17657 composite?
False
Is 150343 a prime number?
True
Is 149371 prime?
True
Is 46211 a composite number?
True
Is 715133 prime?
False
Is 36019 a prime number?
False
Is 3261 prime?
False
Is 18053 a prime number?
False
Is 144277 a composite number?
True
Is 8857 a composite number?
True
Is 1681 a composite number?
True
Is 133087 a prime number?
True
Is 398929 prime?
False
Is 244193 composite?
True
Is 40421 prime?
False
Is 756113 a composite number?
True
Is 1777565 composite?
True
Is 9121 composite?
True
Is 434627 a prime number?
False
Is 56501 prime?
True
Is 7603 a prime number?
True
Is 35093 composite?
True
Is 36341 composite?
False
Is 334595 composite?
True
Is 301259 a composite number?
True
Is 206501 prime?
True
Is 98347 prime?
True
Is 2249165 prime?
False
Is 100883 a prime number?
False
Is 70739 a composite number?
True
Is 587371 prime?
True
Is 83833 prime?
True
Is 249911 a prime number?
True
Is 41221 composite?
False
Is 143093 prime?
True
Is 244573 prime?
False
Is 79967 a composite number?
False
Is 72139 prime?
True
Is 13173 prime?
False
Is 61907 prime?
False
Is 26662 a composite number?
True
Is 5617 a prime number?
False
Is 3337 composite?
True
Is 3659 a prime number?
True
Is 8587 a composite number?
True
Is 4229 a composite number?
False
Is 12977 a composite number?
True
Is 600901 a prime number?
False
Is 14107 a prime number?
True
Is 42821 prime?
True
Is 6119 composite?
True
Is 1783 a prime number?
True
Is 2573 a composite number?
True
Is 330097 a prime number?
True
Is 17467 a composite number?
False
Is 85679 composite?
True
Is 628466 a prime number?
False
Is 80429 a composite number?
False
Is 78559 a prime number?
False
Is 229795 a composite number?
True
Is 3063407 prime?
True
Is 118297 composite?
False
Is 828431 a composite number?
False
Is 731735 prime?
False
Is 1364377 composite?
True
Is 351319 a prime number?
False
Is 23159 composite?
False
Is 787 composite?
False
Is 797 a composite number?
False
Is 49559 prime?
True
Is 8039 prime?
True
Is 95743 prime?
False
Is 1232941 prime?
True
Is 98519 a composite number?
False
Is 290171 composite?
True
Is 11497 prime?
True
Is 90397 prime?
True
Is 195691 composite?
False
Is 261115 a prime number?
False
Is 8727 a composite number?
True
Is 2819 a composite number?
False
Is 7610485 a composite number?
True
Is 6469 composite?
False
Is 779 a prime number?
False
Is 8009 a composite number?
False
Is 7861 composite?
True
Is 52131 composite?
True
Is 696887 a compo